((-2)/(-8)). Suppose -3 = g*p + 2*c - 29, -3*p + 30 = -2*c. Calculate the remainder when 47 is divided by p.
7
Let c(l) = l - 4. Let f be c(0). Let j = 491 + -482. Calculate the remainder when 23/(-2)*(f - -2) is divided by j.
5
Suppose -2*w + 8 = -4. Suppose 0 = -2*l - l + 75. What is the remainder when l is divided by 0 - 3 - (w + -23)?
11
Let l = 625 - 96. What is the remainder when l is divided by 9?
7
Let w(p) = -p + 42. Let y = -94 - -100. Calculate the remainder when w(19) is divided by y.
5
Suppose -5 = -17*u + 335. Calculate the remainder when u is divided by 3.
2
Let f(v) = v**3 + 6*v**2 + 7. Let d = -153 - -157. Calculate the remainder when f(-6) is divided by d.
3
Suppose -4*s = c + 34 + 78, 2*s = -5*c - 38. Let o = s - -19. What is the remainder when ((-4)/o)/(3/90) is divided by 5?
2
Let p = -153 - -379. Suppose 5*l + 785 = 5*x, 4*x = -l + 9*x - 145. Let z = l + p. Calculate the remainder when z is divided by 23.
20
Let u(c) = -c**3 + 28*c**2 - 24*c - 7. Let i = 50 - 23. Calculate the remainder when u(i) is divided by 19.
17
Suppose 0*r + 8 = -2*r. Let z be 3 - (r - 0)/2. Suppose 2*x + 3*s - 38 = 0, x + z*s + 0 - 5 = 0. What is the remainder when x is divided by 7?
4
Let z be 4 - (3 + 1)/(-2). Suppose -5*o + z + 29 = 0. Suppose -81 = o*x - 10*x. What is the remainder when x is divided by 14?
13
Let b(n) = 2*n**2 + n - 1. What is the remainder when (-15)/(20/4)*32/(-6) is divided by b(2)?
7
Suppose -5*n + 2*w + 219 = 0, 5*n - 85 = w + 132. What is the remainder when 115 is divided by n?
29
Let j = -1 + 3. Calculate the remainder when j/(-5) - 108/(-20) is divided by (-7 - 376/(-56))*-7.
1
Suppose -2*w + 2*l = -26, -2*l - 30 - 26 = -5*w. Let o be ((-6)/9 + 2)*6. Calculate the remainder when 150/o - (-4)/16 is divided by w.
9
Suppose -3*a - 3 = -48. Suppose -3*l = 4*k + 15 - 161, -2*l + 74 = -2*k. Calculate the remainder when l is divided by a.
12
Suppose 2*c = 5*v - 59, -c - 46 = 2*c + v. Suppose -4*r + 192 = -0*r. Calculate the remainder when r is divided by (c/2)/((-6)/12).
14
Suppose 0 = 4*r + w + 58, 0 = 4*r - w + 102 - 40. Let n = 36 + r. Calculate the remainder when 103 is divided by n.
19
Suppose -2*v - 3*v = -40. Suppose -c + 28 = 3*l, -3*c - 120 = -v*c + 5*l. Suppose -d + 3*d = 14. Calculate the remainder when c is divided by d.
4
Let n = -143 + 147. Suppose 0*y = 4*g + 4*y - 128, -g + n*y + 27 = 0. Calculate the remainder when 184 is divided by g.
29
Suppose -4*j = 3*w + 5 + 16, 35 = -5*w + 2*j. Let a = w - -22. What is the remainder when 57 is divided by a?
12
Suppose -8*v + 12*v = 24. Suppose v*p - 105 = 3*p. What is the remainder when p is divided by 10?
5
Let d = -2084 - -2107. What is the remainder when 168 is divided by d?
7
Suppose -4*n = -26 + 10. Suppose -n*p - 72 = -6*p. Calculate the remainder when p is divided by 13.
10
Let t(g) = 48*g + 3. Suppose -4*n + 52 = -4*m, 0 = 5*n - 3*m - 52 - 15. Calculate the remainder when t(1) is divided by n.
9
Let i = 140 - 66. What is the remainder when i is divided by 23?
5
Suppose 0 = -3*w - 3*a - 21, w - 2*w + 3*a = -13. Let z be (-2)/(-3) - 5/(-15). Calculate the remainder when 54 is divided by w - (-21)/1*z.
16
Suppose -9*c + 715 + 2174 = 0. What is the remainder when c is divided by 9?
6
Suppose -a = g - 0 - 2, 0 = 2*a + g - 6. Suppose a*t = 11 + 65. What is the remainder when 75 is divided by t?
18
Let t(j) = 4*j**2 - 161*j - 41. What is the remainder when 186 is divided by t(41)?
22
Suppose -3*a - 8 = a, 2*a = -4*l + 124. Calculate the remainder when l is divided by (-4104)/(-228)*1/2.
5
Suppose -28 = -l + 3*y, 3*l + 5*y + 120 = 8*l. What is the remainder when 74 is divided by l?
8
Let v(i) = 179*i - 66. What is the remainder when v(1) is divided by 10?
3
Let y = -1593 - -1649. What is the remainder when 166 is divided by y?
54
Suppose 4*t + 4*f + 8 = 0, t + 3*f + 0*f = -8. Calculate the remainder when 40/25 - 4256/(-140) is divided by 10/1 + (t - -1).
8
What is the remainder when (-1814)/(-18) + (-8)/(-36) is divided by -1 - 0 - 2*(-27)/2?
23
Let u(k) = 2*k**2 - 5*k + 21. What is the remainder when u(6) is divided by 35?
28
Let m = 51 + -45. Let l = -46 + 68. Calculate the remainder when l is divided by m.
4
Let u(l) = 92*l**2 - l + 3. Let p(x) = -x**2 - x + 1. Let o(c) = -3*p(c) + u(c). Calculate the remainder when o(1) is divided by 20.
17
Let r(f) = -f**3 + 6*f**2 + f + 6. Let c be r(5). Suppose -41*a + 70 = -c*a. Calculate the remainder when 41 is divided by a.
13
Suppose 4*l + 3 - 15 = 0. Suppose n + 3*k - 68 = 8*k, -143 = -2*n + l*k. Calculate the remainder when n is divided by 25.
23
Let r(o) = -10*o - 17. Let a be r(-6). Suppose 0 = 5*k - 22 - a. What is the remainder when 64 is divided by k?
12
Suppose 27*g - 32*g = -15. Suppose 2*z = -3*b + 98, z + 144 = 4*b - g*z. Calculate the remainder when b is divided by 9.
7
Suppose 2*n = -3*m + 9, 0*n = 2*n + 2*m - 10. Suppose 0*j = -j + 3*x + 1, 10 = 2*x. Suppose -5*i + j - 1 = 0. Calculate the remainder when n is divided by i.
0
Suppose q + 85 = 8*c - 3*c, 2*c + 4*q - 12 = 0. What is the remainder when 538 is divided by c?
10
Suppose 9*l - 179 - 55 = 0. Calculate the remainder when 308 is divided by l.
22
Let n(d) = -d**3 + 2*d + 17. Let h(f) = f - 1. Let i be h(1). Calculate the remainder when 28 is divided by n(i).
11
Let d(o) = -o**2 - 147*o - 698. Calculate the remainder when 4/14 - (-444)/14 is divided by d(-5).
8
Let c(m) = -m**3 + 7*m**2 + 2*m - 9. Calculate the remainder when 6/(-2)*(13/(-39) + -4) is divided by c(7).
3
Let p(k) = -k + 5. Let x(w) = 2*w + 2. Let u be x(0). Calculate the remainder when p(u) is divided by (0 + -1)*(1 - 2).
0
Let r(g) = -2*g + 4. What is the remainder when (-31 + 6/3)*-1 is divided by r(-2)?
5
Suppose -5*p + 13 = u, 0 = 2*u - p - p - 74. Calculate the remainder when 120 is divided by u.
21
Let s be (-138)/4*10/(-15). Let b be (-9)/3 + (s - -2). Suppose 0*u - u + 4*z = -b, 5*u - 128 = 2*z. What is the remainder when u is divided by 4?
2
Let y(f) = 11*f + 14. What is the remainder when y(4) is divided by 6?
4
Let r(t) = -t**3 - 4*t**2 + 7*t + 7. Suppose -2*v - 8*v = 60. What is the remainder when 109 is divided by r(v)?
35
Let o = -28 + 32. Suppose -2*s = -0*s - o*t - 48, 0 = s + 5*t - 10. What is the remainder when s is divided by 11?
9
Suppose 5*s - 172 = -27. Calculate the remainder when 168 is divided by s.
23
Suppose 0*m + 4*m = 696. Calculate the remainder when 6/(-15) + m/10 is divided by (-10)/5*9/(-2).
8
Let x = 35 + -52. Let b = x - -36. Calculate the remainder when 33 is divided by b.
14
Let s = 1524 + -1420. What is the remainder when s is divided by 24?
8
Let a(i) = i**3 - 26*i**2 + i - 20. Suppose -3*t + d = -62, -6*t + 3*t - 2*d = -74. Calculate the remainder when t is divided by a(26).
4
Let u(n) = -4*n - 6. Let i = 9 + -8. Calculate the remainder when i - (-7)/(28/272) is divided by u(-6).
15
Suppose 0 = -5*o + 4*y - 0*y + 233, 84 = 2*o + 3*y. Suppose -11*n + 39 + 93 = 0. What is the remainder when o is divided by n?
9
Calculate the remainder when 17/(119/266) - (-3)/(-1) is divided by 33.
2
Let y(u) = -u**2 - u + 2. Let s be y(0). Let b = -10 + 30. Suppose s*i + 0*i = b. What is the remainder when i is divided by 6?
4
Suppose -4*o = 2*d - 18, 6*o = 7*o + 3*d - 2. Suppose -3*v - 13 = -37. Calculate the remainder when v is divided by o.
3
Suppose -2*y - 6*t = -3*t - 41, 5*y + 4*t = 85. What is the remainder when y is divided by 3?
1
Let x = -65 - -141. Suppose 4*w - x = 196. What is the remainder when w is divided by 10?
8
Suppose 8*z = -0*z + 88. Suppose -119 = -5*m + z. Calculate the remainder when 75 is divided by m.
23
Suppose 1 = g - p, -19 - 1 = -5*p. Suppose 0 = -4*z - m, -5*z + 8*z - 23 = g*m. Calculate the remainder when 6 is divided by z.
0
Let y be (5 + 1 - 5)/((-1)/(-65)). Suppose -o = -94 - y. What is the remainder when o is divided by 4/(6/(-3))*-20?
39
Let f(x) = x**2 + 42*x + 464. What is the remainder when 92 is divided by f(-17)?
14
Suppose 7 = u - 2*y - 6, 5*u - 130 = -3*y. Suppose 3*m = -2*s + 128, -5*m + 212 = -7*s + 9*s. What is the remainder when m is divided by u?
19
What is the remainder when -1*(3 + -280 + -9) is divided by 27?
16
Let j be (-3 + (1 - 0))/((-1)/(-10)). Let n = 32 - j. What is the remainder when n is divided by 4/2*10 